f) = -4*f + 12 + f + 2*f. Let v be (-4 - -3)/10 - (-11)/(-330)*-3. Give i(v).
12
Let v(w) = -w**2 - 276*w**3 + 119*w**3 + w - 1 + 156*w**3. Give v(1).
-2
Let t(m) = 303*m**3 + m**2 - m + 17 - 13 + 18 - 302*m**3. Suppose -5*s - 5 = -5*v, -4*s - 2 + 5 = 3*v. Calculate t(s).
22
Let x(y) = -4*y + 12. Let c(l) = -l. Let z(a) = 2*c(a) - x(a). Let u be z(7). Let i(q) = -q**2 + 0*q**2 + 9*q + u*q**2 + 6 + 0*q**2. Calculate i(-8).
-2
Suppose 5*k = t + t + 6, -3*t = 4*k - 14. Suppose -h - 4*b = 1 + 1, 4 = -t*h - 2*b. Let c(f) = -f**3 + f**2 - f - 1. What is c(h)?
13
Suppose -t = -o - 9, -2*o + 3 = 3*t + o. Suppose -30 = -7*x + t. Let g(i) be the second derivative of i**5/20 - 5*i**4/12 - 7*i**2/2 - 2*i. Give g(x).
-7
Let s be 48/9*3/2. Let g(n) = 14*n - 38. Let z(r) = -5*r + 13. Let j(f) = -4*g(f) - 11*z(f). Calculate j(s).
1
Let x(b) = 6*b + 5. Let s(v) = 8*v + 5. Let i(f) = -2*s(f) + 3*x(f). Give i(3).
11
Suppose 8*d - 14*d + 6 = 0. Suppose z + 0*z + d = 0, -3*j = 3*z + 9. Let i(t) = -6*t + 2. What is i(j)?
14
Let a = -22 - -25. Let x(l) = a - 4 + l + 1. Let p(w) = -4*w - 1. Let k(m) = -3*p(m) - 8*x(m). What is k(-2)?
-5
Suppose -10*y + y = -18. Let t(q) = 8*q - 4. What is t(y)?
12
Let q be -1 - -4 - (2 + (-7 - -4)). Let j(f) = -f + 6. What is j(q)?
2
Suppose -l = 3*d + 42, 0*l - 45 = l + 4*d. Let k = l + 43. Let i(w) = -w + 16. Give i(k).
6
Suppose 4*j = 441 - 457. Let y(s) = 5*s + 4. Determine y(j).
-16
Let n = -24 + 22. Let y = 3 + n. Let r(p) = 3*p**2 - 1 - p**2 + 2. Give r(y).
3
Let l(p) be the third derivative of p**6/120 - p**5/60 - p**4/8 - p**3/2 - 4*p**2 + 166*p. Determine l(-2).
-9
Let s(x) = x**2 + 5*x. Let d be s(-4). Let k = d - -7. Let v(f) be the second derivative of -f**5/20 + f**4/4 - f**3/2 + 2*f**2 - 2*f + 1. Calculate v(k).
-5
Let y(r) = -r**3 + 3*r**3 + 2*r**3 - 2*r**3 - 1. Let x be y(-1). Let h(g) = -2*g**2 + 3*g**2 - 11 + 6*g + 8. What is h(x)?
-12
Let w be 2/(-15) - 310/(-75). Let l = w + -4. Let p(b) = -b - 4. What is p(l)?
-4
Let h(s) = 2*s**2 + 48*s + s**3 - 49*s + 12 - 6 - 3*s**2 + 17. Give h(0).
23
Let w(p) = 6*p + 22. Suppose -21*i - 6*i = 135. Determine w(i).
-8
Let x be -5 - -12 - 5 - 4. Let l(f) = -3*f - 6. Give l(x).
0
Let s(g) = g**3 - 16*g**2 - 39*g + 58. Let y be s(18). Let q(i) be the third derivative of 0*i + 0 - 1/60*i**5 + 2*i**2 + 1/8*i**4 + 5/6*i**3. Calculate q(y).
1
Let s(b) be the second derivative of -b**4/4 + b**3/6 + b**2/2 - 2*b + 4. Calculate s(-1).
-3
Let x(k) = k**2 + k + 1. Let g = -8 - -10. Let m(w) = w**2 + 6*w + 1. Let s(q) = g*x(q) - m(q). Calculate s(6).
13
Let h = 69 - 62. Let i(r) = r**2 + h + 6 - r**3 + 9*r - 6 - 8*r. What is i(0)?
7
Let m(b) = -b**2 + 6*b + 5. Let y be (-1)/(-3) + 720/108. Determine m(y).
-2
Let c = -19 + 32. Suppose 13 = 5*m + 4*x - 8, 0 = -3*m - 2*x + c. Let p(f) = f**2 - 5*f - 3. Determine p(m).
-3
Let r be 54/12*2/(-3). Let i(d) = -d**3 - 3*d**2 + d + 4. Give i(r).
1
Suppose 4*i = -28 + 4. Let v(u) = 9*u**2 + 8*u + 9 - 14*u**2 + 6*u**2. What is v(i)?
-3
Suppose -42*g - 6 = -40*g + 5*l, 2*g - 8 = 2*l. Let i(o) = -o**3 + 2*o**2 + 3*o - 2. What is i(g)?
4
Let w(b) be the third derivative of -b**6/120 + 7*b**5/30 + b**3 + 4*b**2 + 12. Give w(14).
6
Let q(s) = 22 - 13 - 7*s**2 - 8. Give q(-1).
-6
Let b(k) = -k**2 - 13*k - 12. Let w be -3 + 4 + -3 + -10. Let j be b(w). Let s(g) = -g**2 - g + 5. Give s(j).
5
Let a(c) = 13*c**2 - 568*c + 393. Let u be a(43). Let q(o) = 0*o**2 + 4 + 7*o + 0*o**2 - o**2. Calculate q(u).
10
Let d(n) = -n**3 - 3*n**2 - 2. Suppose -24*a + 80*a = -168. What is d(a)?
-2
Let c(k) = 10*k + 1. Suppose 2 = 3*v + 8. Calculate c(v).
-19
Let z(v) be the second derivative of v**5/20 + v**4/2 + 7*v**3/6 - v**2/2 + 80*v - 3. Give z(-3).
5
Let q(m) be the first derivative of m**7/840 + m**6/72 - m**5/15 - 3*m**4/8 - 4*m**3 - 10. Let g(r) be the third derivative of q(r). Give g(-6).
3
Let l = -19 + 31. Let q(s) = s - 2. Let j be q(5). Suppose j*t = -t + l. Let y(x) = x**2 - 3. What is y(t)?
6
Let q(j) = 2*j**2 - 8*j + 3. Suppose 3*a - 8*a + 30 = 0. Let n be q(a). Suppose -n = -4*t - 3. Let b(f) = f**2 - 5*f - 1. Give b(t).
5
Let q(t) = 2*t**3 - 19*t**2 - 20*t + 97. Let p be q(10). Let r(y) = -y. Let w(d) = 10*d. Let b(n) = -12*r(n) - w(n). Give b(p).
-6
Let i be ((-20)/(-4) + -5)/(-2). Let c(o) = o**2 + o + 17. What is c(i)?
17
Suppose 2*b - 4 = 2*y, 2*y + 7 = 5*b - 2*y. Let o be -1*b/((-1)/(-20)). Suppose -5*v - o = -v. Let r(u) = u**3 + 6*u**2 + 6*u. Give r(v).
-5
Let d(z) = -4*z**2 + 10*z - 1. Let b(l) = 2*l**2 - 7*l + 2. Let c(s) = -3*b(s) - 2*d(s). Give c(2).
6
Let m = 11 + -7. Suppose b - m*b = -18. Let f(a) = -5793 - a - 5803 + 11597. Calculate f(b).
-5
Let h be (5/3)/(-1*3/(-9)). Suppose 4*z = 4, 2*j + h*z = 4*j + 1. Let x(d) be the first derivative of -d**2 + 3*d + 1. Calculate x(j).
-1
Suppose 4*v = 3*y + 24, 4*v - 16 = -0*y + y. Let m(f) = f**2 - 12. Let k be m(v). Let b(a) = -2*a - 2. What is b(k)?
4
Let j(l) be the first derivative of -l**4/4 + 2*l**3 - l**2/2 + 5*l - 89. Calculate j(6).
-1
Let t(b) = 5*b - 20. Let u(k) = -k + 3. Let s(z) = t(z) + 6*u(z). Calculate s(-8).
6
Suppose -b - 6 = -4*b. Let o(f) = -3 + 3*f**b + 4 - 2 - f - 3. Calculate o(3).
20
Let j(s) = s**3 + 7*s**2 + 4*s. Let l be j(-6). Let f = l - 8. Let p(t) = -t**2 - 4. What is p(f)?
-20
Let g(o) = -364*o - 7 + 730*o - 370*o. Calculate g(3).
-19
Let n(v) = v**3 - 4*v**2 - v + 1. Let q be n(3). Let r(i) = -i**3 - 9*i**2 + 21*i - 2. What is r(q)?
9
Let k(y) be the third derivative of 0*y + 1/6*y**3 + 1/5*y**5 + 1/12*y**4 + 2*y**2 + 0. Give k(-1).
11
Let s(w) = w + 14. Let l(a) = -24*a**2 + 5*a + 5. Let x be l(-2). Let m = x + 94. Determine s(m).
7
Let c(h) = h - 3 - 4 + 6 - 6. Suppose -2*j = 4 - 2. Let k be (-1)/((j - -3)/10). What is c(k)?
-12
Let m(v) = -v**3 + 5*v**2 - 3*v - 6. Let j be m(3). Let w(u) be the second derivative of 2*u**2 + u + 1/4*u**4 + 1/2*u**j + 1/20*u**5 + 0. Determine w(-3).
-5
Let w(m) = -6*m - 2. Let n = -61 + 66. Let r(q) = q. Let d(y) = n*r(y) + w(y). Determine d(6).
-8
Suppose -46*w - 580 = -104*w. Let p(a) = a**3 - 10*a**2 - 2*a + 1. Give p(w).
-19
Let v(l) = 2*l**2 + 4*l - 3. Let g(y) be the first derivative of 1/3*y**3 - 1/2*y**2 - 2 + y. Let h(u) = 3*g(u) + v(u). Determine h(1).
6
Let i(z) be the first derivative of -1/20*z**5 - 4*z + 5 + z**2 - 1/6*z**4 - 1/3*z**3. Let h(x) be the first derivative of i(x). Determine h(-2).
6
Let q(l) = l**2 + 10*l + 9. Suppose -4*s + 3*j = 33, -3*s + 0*s - 30 = 3*j. What is q(s)?
0
Let i = 13/58 + 8/29. Let v(u) be the first derivative of -7*u - 3 - i*u**2. Determine v(-5).
-2
Let f(i) = 3*i + 3. Suppose -3*d + 2 = -2*d. Suppose 4*o - 5*o = -20. Suppose -p = 4*x + 14 - 2, -4*p - o = d*x. What is f(x)?
-3
Let k(z) = -4*z**2 - z - 4. Let g(s) = 0 + 2 + 3*s**2 + 1 + s. Let q be ((-4)/3)/((-1)/3). Let y(r) = q*k(r) + 5*g(r). Determine y(0).
-1
Let n(g) = -g - 9. Suppose -60 = 30*k + 240. What is n(k)?
1
Let p(n) = n**3 - 21*n**2 - 46*n - 2. Let r be p(23). Let q(s) = -6*s + 1. Give q(r).
13
Let r(u) be the second derivative of -1/3*u**4 - 1/12*u**5 + 0 + 3/2*u**3 + 1/120*u**6 - 14*u + u**2. Let t(a) be the first derivative of r(a). Determine t(6).
-3
Let f(w) be the second derivative of -w**4/12 - 5*w**3/6 + 3*w**2/2 - 5*w. Let o be (-8)/40*-4*(0 - 5). Calculate f(o).
7
Let c(g) = -g - 3. Let p(t) = 6*t**2 + 3*t - 4. Let z(l) = l**3 - 4*l**2 + 4*l - 2. Let v be z(3). Let w be p(v). What is c(w)?
-8
Let k be (6/(-4))/((8/672)/(-1)). Let l = 121 - k. Let g(j) = -j**3 - 5*j**2 - 5*j + 4. What is g(l)?
29
Let a(n) = -71*n + 645. Let g be a(9). Let z(d) = d**3 - 6*d**2 - 3*d + 3. Determine z(g).
-15
Let g(f) = -5*f**2 + 17*f + 5. Let k be 4/22 - (474/66 + 1). Let z(m) = 2*m**2 - 6*m - 2. Let i(y) = k*z(y) - 3*g(y). What is i(-3)?
1
Let s(c) be the second derivative of c**5/60 - c**4/3 - c**3 - 5*c**2 - 29*c. Let w(v) be the first derivative of s(v). Give w(8).
-6
Let b(x) = -15*x**3 - x**2 - 2*x. Let k be b(-1). Let s = k - 9. Let i(a) = a**3 - 7*a**2 + 2*a - 9. What is i(s)?
5
Suppose 495 = -8*d - d. Let h = 56 + d. Let j(v) = 5*v**2 - v. What is j(h)?
4
Let q(m) = m**3 + 3*m**2 - 3*m - 1. Let h(g) = -g**3 - 3*g**2 + 2*g - 4. Let x be h(-4). Suppose 2*f = y + 2, -2*f + 22 = -5*y + x. Determine q(y).
-5
Let r(h) = -53*h 